{"id":147,"date":"2019-07-12T15:18:10","date_gmt":"2019-07-12T20:18:10","guid":{"rendered":"http:\/\/confiaseguros.com\/?page_id=147"},"modified":"2019-07-26T09:57:36","modified_gmt":"2019-07-26T14:57:36","slug":"viajes","status":"publish","type":"page","link":"http:\/\/confiaseguros.com\/?page_id=147","title":{"rendered":"VIAJES"},"content":{"rendered":"\n<p><\/p>\n\n\n<p>Cubrimos a nuestros clientes por medio de los Seguros de Viaje por medio de las mejores aseguradoras a trav\u00e9s de las que tendr\u00e1 asistencia en viajes internacionales, para que cualquier imprevisto que ocurra no le afecte mientras est\u00e1 fuera.<\/p>","protected":false},"excerpt":{"rendered":"<p>Cubrimos a nuestros clientes por medio de los Seguros de Viaje por medio de las mejores aseguradoras a trav\u00e9s de las que tendr\u00e1 asistencia en viajes internacionales, para que cualquier imprevisto que ocurra no le afecte mientras est\u00e1 fuera.<\/p>\n<a class=\"btn_a\" href=\"http:\/\/confiaseguros.com\/?page_id=147\"><span><i class=\"in_left fa fa-angle-right\"><\/i><span>Details<\/span><i class=\"in_right fa fa-angle-right\"><\/i><\/span><\/a>","protected":false},"author":1,"featured_media":0,"parent":0,"menu_order":4,"comment_status":"closed","ping_status":"closed","template":"page-fullwidth.php","meta":{"footnotes":""},"class_list":["post-147","page","type-page","status-publish","hentry"],"_links":{"self":[{"href":"http:\/\/confiaseguros.com\/index.php?rest_route=\/wp\/v2\/pages\/147","targetHints":{"allow":["GET"]}}],"collection":[{"href":"http:\/\/confiaseguros.com\/index.php?rest_route=\/wp\/v2\/pages"}],"about":[{"href":"http:\/\/confiaseguros.com\/index.php?rest_route=\/wp\/v2\/types\/page"}],"author":[{"embeddable":true,"href":"http:\/\/confiaseguros.com\/index.php?rest_route=\/wp\/v2\/users\/1"}],"replies":[{"embeddable":true,"href":"http:\/\/confiaseguros.com\/index.php?rest_route=%2Fwp%2Fv2%2Fcomments&post=147"}],"version-history":[{"count":8,"href":"http:\/\/confiaseguros.com\/index.php?rest_route=\/wp\/v2\/pages\/147\/revisions"}],"predecessor-version":[{"id":211,"href":"http:\/\/confiaseguros.com\/index.php?rest_route=\/wp\/v2\/pages\/147\/revisions\/211"}],"wp:attachment":[{"href":"http:\/\/confiaseguros.com\/index.php?rest_route=%2Fwp%2Fv2%2Fmedia&parent=147"}],"curies":[{"name":"wp","href":"https:\/\/api.w.org\/{rel}","templated":true}]}}